z - 16. What are the prime factors of 909*(j - 11/3)?
3, 101
Let y = 5972 - -20657. List the prime factors of y.
31, 859
Let d(j) = 22*j**2 - 22*j + 86. Suppose -2*s + 4*u - 9 = -13, u = -2*s + 14. What are the prime factors of d(s)?
2, 373
Suppose -5*n = 5*s + 200, 2*s + 3*s - 16 = n. What are the prime factors of 1528/9 + 2 + (-8)/n?
2, 43
Let n(d) = d**3 - 7*d**2 + 10*d + 18. Let f be n(6). Suppose f*r - 47*r = 0. Suppose -5*h - m + 843 = r, 2*m + 0 + 4 = 0. List the prime factors of h.
13
Let w(u) = -62*u + 62. Let n be w(-9). Suppose -8*t + 2284 + n = 0. List the prime factors of t.
3, 11
Let x = 389 - 176. Let j = x + -162. List the prime factors of j.
3, 17
Let z = 203 + -33. Suppose 5132 = -z*n + 174*n. List the prime factors of n.
1283
Let q = -28879 - -45410. What are the prime factors of q?
61, 271
Let f = 17034 - -7334. What are the prime factors of f?
2, 1523
Let g(p) = 64*p**3 + 71*p**2 - 556*p - 19. List the prime factors of g(8).
5, 6569
Suppose -99*x + 3171 + 36765 = 213*x. What are the prime factors of x?
2
Suppose -21*y = 40*y - 15*y. Let i = 349 + y. What are the prime factors of i?
349
Let s be (1 - -3)*(1 - 114/8). Let o = 57 + s. Suppose o*c = -3*t + 298 + 490, 2*c + 758 = 3*t. What are the prime factors of t?
2
Let j = -19 + 23. Let x(h) be the third derivative of h**5/60 + h**4/24 + 2*h**3 + 7*h**2. List the prime factors of x(j).
2
Let k(r) = -317*r + 2031. List the prime factors of k(-35).
2, 6563
Suppose -54756 = -5*o - 2*m, 0 = 23*o - 18*o + 5*m - 54765. What are the prime factors of o?
2, 3, 5, 73
List the prime factors of (17631 + (-4)/(-16)*20)/2.
2, 4409
Let g = 66 + -62. Suppose m + 2*m - 5*v = 534, -4*v = g*m - 680. What are the prime factors of m?
173
Let g = -2085 + -694. Let r = 3898 + g. List the prime factors of r.
3, 373
Suppose -19384 = -2*c + 3*x, -43*c + 45*c - 2*x = 19390. List the prime factors of c.
89, 109
Suppose 3 = -29*b + 32*b. Let r(n) be the second derivative of 29*n**4/12 - 5*n**3/6 + 2*n**2 + n - 24. List the prime factors of r(b).
2, 7
Suppose 286*p - 2808 = 262*p. Let g = 872 + p. What are the prime factors of g?
23, 43
Let v be (-1)/(-1 + 2)*8/(-2). Suppose 5*q = v*p - 2345, 2*q + 430 + 508 = -4*p. What are the prime factors of q/(-35) - 2/(-20)*-4?
13
Let s be (-940)/(-100) + 2/(-5). Let y(o) = 2 + 3 - 2*o + 5*o - 3. List the prime factors of y(s).
29
What are the prime factors of ((-7)/((-105)/10))/(2/53091)?
3, 17, 347
Suppose 17*m - 261252 = -23*m - m. What are the prime factors of m?
2, 3, 59
Let q be (4 - 1 - 4) + -3. Let t be -1 + (6 - (-4)/q). Suppose 0*k = -t*k + 384. What are the prime factors of k?
2, 3
Let z(n) be the first derivative of -n**4/4 + 29*n**3/3 - 41*n**2/2 - 12*n + 36. List the prime factors of z(27).
3, 113
Suppose i + 2*g + 23 = 4*g, -i + 3*g - 28 = 0. Let t(w) = 2*w**2 - 17*w - 68. List the prime factors of t(i).
491
Suppose 0 = 3*h - 8*f + 6*f - 1142, 752 = 2*h + f. What are the prime factors of h?
2, 3, 7
Suppose 14*t - 47*t + 759 = 0. Suppose -t*w + 2*w + 13125 = 0. What are the prime factors of w?
5
Let i be 3/6*6/(-1). Let d be (i/2 + 2)*8. Suppose -4*m + 76 = d*u, -4*m + 2 = -2*u + 16. What are the prime factors of u?
3, 5
Let b(m) = m**3 - 25*m**2 - 30*m - 401. List the prime factors of b(33).
7321
Let d = -37 + 22. Let k(p) = p**2 + 5*p + 14. Let m be k(d). Suppose 2*r - v - m = 0, -3*v + 0*v = 12. What are the prime factors of r?
2, 5
Suppose 55*w + 11742 = 202042. List the prime factors of w.
2, 5, 173
Let w(k) = -k**3 - 14*k**2 + k + 19. Let s be w(-14). Suppose -7*h + 47 = s. Suppose 557 = 5*o + y - 2*y, -3*y = h. List the prime factors of o.
3, 37
Suppose 16645*j = 16643*j + 22. List the prime factors of j.
11
Let n(c) = -2*c. Let b be n(-1). Suppose 0 = 5*j - s - 2, -4*j = 2*s + b*s + 8. Suppose p + 220 = 5*g - 0*p, j = -2*p + 10. List the prime factors of g.
3, 5
Let p be (5 - 7) + 1*-85. Let f = -56 - p. Suppose -3*l + 15 = 3*q, f = 4*q - 2*l - 7. What are the prime factors of q?
2
Suppose 94736 + 36053 = 58*p - 120699. List the prime factors of p.
2, 271
Suppose -16*x = -50 - 25150. Suppose -5*l - 5*n = -x - 1620, -l = 4*n - 624. What are the prime factors of l?
2, 7, 23
Let x = 6160 - 3574. What are the prime factors of x?
2, 3, 431
Let n(g) = -325*g + 1131. List the prime factors of n(-10).
13, 337
List the prime factors of 79/(-948) - 253227/(-36).
2, 3517
Suppose 5*q - 991236 = -96*q - 12*q. List the prime factors of q.
2, 3, 17, 43
Suppose -26*o = -17*o - 36. Suppose -4*n + 56 = -4*t, 5*n + t = o + 54. List the prime factors of -267*(56/n + -5).
89
Let a(h) = 108*h - 17. Let d(s) = -s + 16. Let y be d(14). Suppose -12*o + y = -11*o. What are the prime factors of a(o)?
199
Let h be 32/12*(-2 + 51/12). Suppose 271 = h*m - 779. List the prime factors of m.
5, 7
Let y be (14/3)/(2/(-9)). Let q be (-1)/(-5) + (-5)/((-50)/408). Let c = y + q. List the prime factors of c.
2, 5
Let m(x) = 91*x**2 - 53*x - 1267. List the prime factors of m(-28).
7, 10223
Suppose -96*s + 3*v = -98*s + 10236, -s = 4*v - 5123. List the prime factors of s.
3, 5, 11, 31
Let v(x) be the third derivative of x**4 + 5*x**3/6 - 8*x**2 - 12*x. Let o be (-12)/(-9) + 4/6. What are the prime factors of v(o)?
53
Let g(f) = -f**3 + 11*f**2 - 10*f - 2. Let w be g(10). List the prime factors of (-1)/((-57)/84822) - w/(-19).
2, 3, 31
Let x = -217 - -553. Suppose x = 9*m - m. Suppose -m = -q + 164. What are the prime factors of q?
2, 103
Suppose -25*s - 598 = s. Let t(y) = 4*y + 148. What are the prime factors of t(s)?
2, 7
Suppose -4*v - v - 2*i + 2041 = 0, -2*v + 812 = 3*i. Let q = 940 - v. Suppose -22*w - q = -25*w. List the prime factors of w.
3, 59
Let d = -680 + 682. What are the prime factors of d - 42/28 - 1230/(-4)?
2, 7, 11
Let p = 123911 - 80170. List the prime factors of p.
17, 31, 83
Let k(b) = -5*b**2 + 32*b + 16. Let v(z) = -5*z**2 + 30*z + 13. Let h(i) = 2*k(i) - 3*v(i). Let s = -10 - -17. List the prime factors of h(s).
2, 7
Suppose 2*j + 8 = 18. Suppose j*y - 25 = -5*v - 0*y, 5*v - 3*y = 9. Suppose v*k = -12, 3*r - 4*k = k + 32. List the prime factors of r.
2
Let t(p) = 10*p**2 - 61*p - 6. Suppose -5*s = w - 51, -2*w - 7 = -4*s + 31. What are the prime factors of t(s)?
2, 3
List the prime factors of 3/7 - (-1660230)/462.
2, 3, 599
Let z(p) = 426*p + 747. List the prime factors of z(18).
3, 5, 11, 17
Let m be (8 - -227)*(-12)/(-4). Suppose -5*g + m = -5*s, -g - 3*s - 135 = -2*g. List the prime factors of g.
2, 3
List the prime factors of (-9 - 98378/28)/(1/(-2)).
5, 1409
Suppose -2*q - 4*h + 23 = -5, -q - 3*h = -19. Let w = q - -116. Suppose 5*b = 6*b, 4*c - b = w. List the prime factors of c.
2, 3, 5
Let m = -7626 - -23231. List the prime factors of m.
5, 3121
What are the prime factors of (-120)/45 - 14460/(-9)?
2, 401
Suppose -m = -5*z - 118, 0 = 4*m + 39 - 31. Let w be (-2)/6 + 48378/(-18). What are the prime factors of w/(-22) - z/(-132)?
2, 61
Suppose 4*m - 22 + 6 = 0. Suppose 49*d - 53*d = 3*a - 4489, m*d + 8 = 0. What are the prime factors of a?
1499
Suppose o + 200 = 26*o. Suppose 3*i - 3205 = v, 3*i - o*i + v = -5345. List the prime factors of i.
2, 5, 107
Let n be (7/(-2))/((-2)/4). Suppose -14*m - 5240 = -34*m. Suppose -m = -n*u + 207. What are the prime factors of u?
67
Suppose 0*a = -a, -3*a - 15 = -o. Let i(p) = p. Let r(x) = -x**2 + 20*x - 26. Let h(u) = 2*i(u) + r(u). What are the prime factors of h(o)?
79
Let a(q) = -49*q**3 + 13*q**2 + 2*q + 9. List the prime factors of a(-5).
6449
Let d = -126 + -133. Let w = d + 445. List the prime factors of w.
2, 3, 31
List the prime factors of (((-48584)/6)/(-23 - (-1292)/57))/2.
2, 6073
Let w(o) = 8*o**3 - 20*o**2 + 8*o + 130. List the prime factors of w(14).
2, 9137
Suppose 0 = -2*s + 3800 + 5596. List the prime factors of s.
2, 3, 29
Let l be (-50)/(-20)*(-3)/(-30)*4. What are the prime factors of -1 - l - ((-1027)/1 + -9)?
2, 11, 47
Let q = 85 - -1331. Suppose 30*d - q = 24*d. What are the prime factors of d?
2, 59
Let k = 195 + 136. Suppose d + k = 2*d. Let p = d + -213. What are the prime factors of p?
2, 59
Suppose -3*x = h - 4, 5*h - 2*x + 7*x = 20. Let r be (-3 - (h - 50))*1. Let g = 103 - r. List the prime factors of g.
2, 3, 5
Let u(o) = -o + 8. Let i be u(10). Let q(r) = -146*r - 38. Let c(a